{"id":1077,"date":"2023-06-15T18:44:37","date_gmt":"2023-06-15T16:44:37","guid":{"rendered":"https:\/\/www.jensen-france.fr\/?page_id=1077"},"modified":"2024-02-13T17:52:21","modified_gmt":"2024-02-13T16:52:21","slug":"mentions-legales","status":"publish","type":"page","link":"https:\/\/www.jensen-france.fr\/index.php\/mentions-legales\/","title":{"rendered":"mentions_l?gales"},"content":{"rendered":"\t\t<div data-elementor-type=\"wp-page\" data-elementor-id=\"1077\" class=\"elementor elementor-1077\">\n\t\t\t\t<div class=\"elementor-element elementor-element-236a308 e-flex e-con-boxed e-con e-parent\" data-id=\"236a308\" data-element_type=\"container\" data-settings=\"{&quot;container_type&quot;:&quot;flex&quot;,&quot;content_width&quot;:&quot;boxed&quot;}\" data-core-v316-plus=\"true\">\n\t\t\t\t\t<div class=\"e-con-inner\">\n\t\t\t\t<div class=\"elementor-element elementor-element-041545c elementor-widget elementor-widget-heading\" data-id=\"041545c\" data-element_type=\"widget\" data-widget_type=\"heading.default\">\n\t\t\t\t<div class=\"elementor-widget-container\">\n\t\t\t<style>\/*! elementor - v3.19.0 - 26-02-2024 *\/\n.elementor-heading-title{padding:0;margin:0;line-height:1}.elementor-widget-heading .elementor-heading-title[class*=elementor-size-]>a{color:inherit;font-size:inherit;line-height:inherit}.elementor-widget-heading .elementor-heading-title.elementor-size-small{font-size:15px}.elementor-widget-heading .elementor-heading-title.elementor-size-medium{font-size:19px}.elementor-widget-heading .elementor-heading-title.elementor-size-large{font-size:29px}.elementor-widget-heading .elementor-heading-title.elementor-size-xl{font-size:39px}.elementor-widget-heading .elementor-heading-title.elementor-size-xxl{font-size:59px}<\/style><h2 class=\"elementor-heading-title elementor-size-default\">MENTIONS L\u00c9GALES<\/h2>\t\t<\/div>\n\t\t\t\t<\/div>\n\t\t\t\t\t<\/div>\n\t\t\t\t<\/div>\n\t\t<div class=\"elementor-element elementor-element-d654562 e-flex e-con-boxed e-con e-parent\" data-id=\"d654562\" data-element_type=\"container\" data-settings=\"{&quot;container_type&quot;:&quot;flex&quot;,&quot;content_width&quot;:&quot;boxed&quot;}\" data-core-v316-plus=\"true\">\n\t\t\t\t\t<div class=\"e-con-inner\">\n\t\t\t\t<div class=\"elementor-element elementor-element-a508f20 elementor-widget elementor-widget-text-editor\" data-id=\"a508f20\" data-element_type=\"widget\" data-widget_type=\"text-editor.default\">\n\t\t\t\t<div class=\"elementor-widget-container\">\n\t\t\t<style>\/*! elementor - v3.19.0 - 26-02-2024 *\/\n.elementor-widget-text-editor.elementor-drop-cap-view-stacked .elementor-drop-cap{background-color:#69727d;color:#fff}.elementor-widget-text-editor.elementor-drop-cap-view-framed .elementor-drop-cap{color:#69727d;border:3px solid;background-color:transparent}.elementor-widget-text-editor:not(.elementor-drop-cap-view-default) .elementor-drop-cap{margin-top:8px}.elementor-widget-text-editor:not(.elementor-drop-cap-view-default) .elementor-drop-cap-letter{width:1em;height:1em}.elementor-widget-text-editor .elementor-drop-cap{float:left;text-align:center;line-height:1;font-size:50px}.elementor-widget-text-editor .elementor-drop-cap-letter{display:inline-block}<\/style>\t\t\t\t<h2><span>Confidentialit\u00e9<\/span><\/h2>\n<p><span>Le site<span>&nbsp;<\/span><strong>jensen-france.fr<\/strong>&nbsp;n&rsquo;enregistre pas d&rsquo;informations personnelles permettant l&rsquo;identification, \u00e0 l&rsquo;exception des formulaires que l&rsquo;utilisateur est libre de remplir. Ces informations ne seront pas utilis\u00e9es sans votre accord, nous les utiliserons seulement pour vous adresser des courriers, des brochures, des devis ou vous contacter.<\/span><\/p>\n<p><span>Les informations recueillies sur les sites b\u00e9n\u00e9ficient de la protection de la loi \u00ab\u00a0Informatique et Libert\u00e9s\u00a0\u00bb n\u00b0 78-17 du 06 janvier 1978. Elles b\u00e9n\u00e9ficient d&rsquo;un droit d&rsquo;acc\u00e8s, de rectification, d&rsquo;opposition \u00e0 communication et de suppression sur simple demande par email \u00e0&nbsp;<strong><span>s<\/span><span>olycia@solycia.fr<\/span><\/strong><\/span><\/p>\n<p><span>Le site&nbsp;<strong>jensen-france.fr<\/strong>&nbsp;pourra proc\u00e9der \u00e0 des analyses statistiques sans que celles-ci soient nominatives et pourra en informer des tiers (organismes d&rsquo;\u00e9valuation de fr\u00e9quentation) sous une forme r\u00e9sum\u00e9e et non nominative.<\/span><\/p>\n<h2><span>Liens hypertexte<\/span><\/h2>\n<p><span>Le site<span>&nbsp;<\/span><\/span><strong>jensen-france.fr<\/strong><span><strong>&nbsp;<\/strong>ne contr\u00f4le pas les sites en connexion avec le sien, et ne saurait donc \u00eatre responsable de leur contenu. Les risques li\u00e9s \u00e0 l&rsquo;utilisation de ces sites incombent pleinement \u00e0 l&rsquo;utilisateur. Il se conformera \u00e0 leurs conditions d&rsquo;utilisation.<\/span><\/p>\n<h2><span>Collecte de Cookies<\/span><\/h2>\n<p><span>Nos serveurs ne collectent aucunes informations personnelles sur les visiteurs du site.<\/span><\/p>\n<p><span>Les donn\u00e9es de trafic et les fichiers de cookies implant\u00e9s sur votre ordinateur ont pour seule finalit\u00e9 de permettre d&rsquo;analyser la fr\u00e9quentation des diff\u00e9rentes pages du site<span>&nbsp;<\/span><\/span><strong>jensen-france.fr<\/strong><span>&nbsp;afin d&rsquo;en am\u00e9liorer le contenu. Ces donn\u00e9es sont conserv\u00e9es 12 mois.<\/span><\/p>\n<p><span>Les donn\u00e9es relatives \u00e0 la navigation des visiteurs ne sont pas exploit\u00e9es nominativement. Il s&rsquo;agit de statistiques permettant de conna\u00eetre le trafic de chacune des pages, les parcours de navigation, le taux de consultations par jour de la semaine et par heure de la journ\u00e9e ainsi que les diff\u00e9rentes erreurs possibles c\u00f4t\u00e9 clients ou serveur.<\/span><\/p>\n<p><span>Pour plus d\u2019informations, vous pouvez consulter les conditions g\u00e9n\u00e9rales de Google Analytics.<\/span><\/p>\n<p><span>Par le biais de votre navigateur, vous avez la possibilit\u00e9 de bloquer l&rsquo;implantation de cookies sur votre ordinateur&nbsp;:<\/span><\/p>\n<ul>\n<li><span>Mozilla Firefox : https:\/\/support.mozilla.org\/fr\/kb\/cookies-informations-sites-enregistrent<\/span><\/li>\n<li><span>Google Chrome :&nbsp;<a href=\"https:\/\/support.google.com\/chrome\/answer\/95647?hl=fr\"><span>https:\/\/support.google.com\/chrome\/answer\/95647?hl=fr<\/span><\/a><\/span><\/li>\n<li><span>Safari&nbsp;: https:\/\/support.apple.com\/kb\/ph21411?locale=fr_FR<\/span><\/li>\n<li><span>Internet Explorer :&nbsp;<a href=\"https:\/\/support.microsoft.com\/fr-fr\/help\/17442\/windows-internet-explorer-delete-manage-cookies\"><span>https:\/\/support.microsoft.com\/fr-fr\/help\/17442\/windows-internet-explorer-delete-manage-cookies<\/span><\/a><\/span><\/li>\n<li><span>Opera : http:\/\/help.opera.com\/Windows\/10.20\/fr\/cookies.html<\/span><\/li>\n<\/ul>\n<p>Gestion des cookies<\/p>\n<h2><span>Donn\u00e9es personnelles<\/span><\/h2>\n<p><span>Nous ne collectons, dans aucun cas, l&rsquo;adresse e-mail des visiteurs sans que ceux-ci la communiquent de mani\u00e8re pleine et enti\u00e8re.<\/span><\/p>\n<p><span>En compl\u00e9tant le formulaire et en cochant la case \u00e0 cocher de consentement du formulaire, le visiteur donne son accord afin que les donn\u00e9es \u00e0 caract\u00e8re personnel soient trait\u00e9es.<\/span><\/p>\n<p><span>Les donn\u00e9es saisies et envoy\u00e9es via les formulaires ont pour finalit\u00e9s la prise de contact avec les personnes ayant compl\u00e9t\u00e9es un formulaire (envoi de devis, r\u00e9ponses mails, demandes d\u2019informations, \u2026)&nbsp;; la gestion des prospects et clients g\u00e9n\u00e9rale avec les personnes int\u00e9ress\u00e9es par nos services&nbsp;; le suivi relationnel avec les personnes ayant propos\u00e9 leurs candidatures dans le cadre d&rsquo;une demande de recrutement.<\/span><\/p>\n<p><span>Dans tous les cas, vous pouvez refuser de fournir vos donn\u00e9es personnelles.<\/span><\/p>\n<p><span>Dans ce cas, vous ne pourrez pas utiliser les services du site, notamment celui de solliciter des renseignements sur l\u2019entreprise.<\/span><\/p>\n<p><span>Vos informations ne sont pas stock\u00e9es \u00e0 des fins commerciales, ni c\u00e9d\u00e9es, ni communiqu\u00e9es \u00e0 des tiers.<\/span><\/p>\n<p><span>Droit d&rsquo;acc\u00e8s, de rectification ou suppression des donn\u00e9es personnelles<\/span><\/p>\n<p><span><span>Conform\u00e9ment \u00e0 la loi Informatique et Libert\u00e9s du 6 janvier 1978 modifi\u00e9e, ainsi qu&rsquo;au R\u00e8glement Europ\u00e9en G\u00e9n\u00e9ral sur la Protection des Donn\u00e9es (RGPD), vous disposez des droits d\u2019acc\u00e8s, de rectification et de suppression des donn\u00e9es personnelles vous concernant. Vous pouvez exercer ce droit en utilisant le formulaire de contact du site ou sur simple demande par email \u00e0&nbsp;<strong>solycia@solycia.fr<\/strong><\/span><span>&nbsp;ou par adresse postale :&nbsp;REBEL 47300 VILLENEUVE-SUR-LOT<\/span><\/span><\/p>\n<h2><span>\u00c9diteur<\/span><\/h2>\n<p><span><strong>SOLYCIA<\/strong><\/span><\/p>\n<p><span>Code APE \/ NAF : 4661Z<br>SIRET : 40815777400014<\/span><\/p>\n<p><span><strong>Laurent FRANCONIE<\/strong><\/span><\/p>\n<p><span>E-mail :<span>&nbsp;<\/span><strong>solycia@solycia.fr<\/strong><br>Si\u00e8ge social : REBEL 47300 VILLENEUVE-SUR-LOT<br>N\u00b0 de t\u00e9l\u00e9phone :&nbsp;<span><strong>05 53 01 56 56<\/strong><\/span><\/span><\/p>\n<p><span><span><strong>&nbsp;<\/strong><\/span><\/span><\/p>\n<p><span><span><strong>H\u00e9bergeur<\/strong><\/span><\/span><\/p>\n<ul>\n<li>Le nom de l&rsquo;h\u00e9bergeur : O2switch<\/li>\n<li>L&rsquo;adresse de l&rsquo;h\u00e9bergeur : Clermont-Ferrand, France<\/li>\n<li>Le num\u00e9ro de t\u00e9l\u00e9phone de l&rsquo;h\u00e9bergeur : 04 44 44 60 40<\/li>\n<li>Capital Social : 100 000 \u20ac<\/li>\n<\/ul>\t\t\t\t\t\t<\/div>\n\t\t\t\t<\/div>\n\t\t\t\t\t<\/div>\n\t\t\t\t<\/div>\n\t\t\t\t<\/div>\n\t\t","protected":false},"excerpt":{"rendered":"<p>MENTIONS L?GALES Confidentialit? Le site&nbsp;jensen-france.fr&nbsp;n&rsquo;enregistre pas d&rsquo;informations personnelles permettant l&rsquo;identification, ? l&rsquo;exception des formulaires que l&rsquo;utilisateur est libre de remplir. Ces informations ne seront pas utilis?es sans votre accord, nous les utiliserons seulement pour vous adresser des courriers, des brochures, des devis ou vous contacter. Les informations recueillies sur les [&hellip;]<\/p>\n","protected":false},"author":2,"featured_media":0,"parent":0,"menu_order":0,"comment_status":"closed","ping_status":"closed","template":"page-templates\/template-pagebuilder-full-width.php","meta":{"footnotes":""},"class_list":["post-1077","page","type-page","status-publish","hentry"],"_links":{"self":[{"href":"https:\/\/www.jensen-france.fr\/index.php\/wp-json\/wp\/v2\/pages\/1077","targetHints":{"allow":["GET"]}}],"collection":[{"href":"https:\/\/www.jensen-france.fr\/index.php\/wp-json\/wp\/v2\/pages"}],"about":[{"href":"https:\/\/www.jensen-france.fr\/index.php\/wp-json\/wp\/v2\/types\/page"}],"author":[{"embeddable":true,"href":"https:\/\/www.jensen-france.fr\/index.php\/wp-json\/wp\/v2\/users\/2"}],"replies":[{"embeddable":true,"href":"https:\/\/www.jensen-france.fr\/index.php\/wp-json\/wp\/v2\/comments?post=1077"}],"version-history":[{"count":11,"href":"https:\/\/www.jensen-france.fr\/index.php\/wp-json\/wp\/v2\/pages\/1077\/revisions"}],"predecessor-version":[{"id":1863,"href":"https:\/\/www.jensen-france.fr\/index.php\/wp-json\/wp\/v2\/pages\/1077\/revisions\/1863"}],"wp:attachment":[{"href":"https:\/\/www.jensen-france.fr\/index.php\/wp-json\/wp\/v2\/media?parent=1077"}],"curies":[{"name":"wp","href":"https:\/\/api.w.org\/{rel}","templated":true}]}}